5562?
2014
What is the greatest common factor of 1424 and 12994?
178
Calculate the greatest common divisor of 77 and 238119.
7
Calculate the greatest common divisor of 75 and 108950.
25
Calculate the greatest common factor of 63272 and 176.
88
What is the highest common divisor of 5 and 567505?
5
Calculate the highest common divisor of 40615 and 40.
5
What is the highest common divisor of 1467 and 307907?
163
What is the greatest common factor of 250 and 9830?
10
Calculate the greatest common factor of 542 and 303520.
542
What is the highest common factor of 38665 and 880?
55
What is the greatest common factor of 4046 and 34?
34
Calculate the highest common divisor of 14210 and 1715.
245
Calculate the greatest common divisor of 1599939 and 396.
99
Calculate the greatest common divisor of 326686 and 38.
38
What is the greatest common divisor of 19 and 5738?
19
What is the highest common divisor of 1 and 59557?
1
What is the greatest common factor of 121437 and 524?
131
What is the greatest common divisor of 218817 and 1845?
369
What is the highest common factor of 72 and 56352?
24
What is the highest common divisor of 51933 and 105?
21
Calculate the highest common factor of 1636 and 3191836.
1636
Calculate the highest common divisor of 9972 and 1134.
18
Calculate the highest common divisor of 2944 and 2704.
16
Calculate the highest common factor of 18240 and 360.
120
Calculate the highest common factor of 971334 and 39.
39
What is the greatest common divisor of 1076 and 128?
4
What is the greatest common factor of 138 and 691104?
138
What is the greatest common factor of 2172775 and 825?
275
What is the greatest common factor of 4246 and 319?
11
What is the greatest common factor of 36450 and 100?
50
Calculate the highest common divisor of 15 and 708285.
15
Calculate the highest common factor of 98539 and 2842.
49
Calculate the highest common divisor of 1449435 and 60.
15
What is the highest common factor of 9396 and 368184?
348
Calculate the highest common factor of 39406 and 114.
38
Calculate the highest common factor of 1662 and 338771.
277
Calculate the highest common factor of 10053693 and 351.
351
What is the greatest common divisor of 783 and 1072971?
261
What is the highest common divisor of 178366 and 909?
101
Calculate the greatest common divisor of 65442 and 91.
13
What is the greatest common factor of 7714568 and 23?
23
What is the highest common divisor of 2477808 and 432?
144
Calculate the greatest common divisor of 123 and 851488.
41
Calculate the greatest common factor of 697 and 2827729.
697
What is the highest common divisor of 65950 and 250?
50
What is the highest common factor of 1300 and 14092?
52
What is the greatest common factor of 335176 and 16?
8
Calculate the highest common divisor of 3682 and 284566.
526
What is the greatest common divisor of 1479 and 218399?
493
What is the greatest common divisor of 2776 and 208894?
694
Calculate the highest common divisor of 4 and 107804.
4
What is the highest common divisor of 3833418 and 1230?
246
Calculate the greatest common divisor of 3807 and 1539.
81
Calculate the greatest common divisor of 48 and 3306.
6
What is the greatest common divisor of 23680 and 33115?
185
What is the highest common factor of 8502 and 1014?
78
What is the highest common factor of 3375 and 8658?
9
What is the greatest common factor of 216 and 64044?
108
What is the greatest common factor of 10673503 and 43?
43
What is the greatest common divisor of 513586 and 13748?
982
What is the highest common divisor of 17574 and 11413?
101
Calculate the highest common factor of 217481 and 34.
17
What is the greatest common factor of 4105200 and 11?
11
Calculate the greatest common divisor of 215644 and 1131.
377
Calculate the greatest common divisor of 45 and 6443610.
15
What is the highest common factor of 2175 and 30?
15
What is the highest common divisor of 1638915 and 37?
37
Calculate the greatest common divisor of 5198 and 28363.
113
What is the greatest common divisor of 75 and 305675?
25
What is the highest common factor of 3640 and 175?
35
Calculate the highest common factor of 12504 and 1032.
24
What is the highest common factor of 550 and 32350?
50
Calculate the highest common divisor of 1020409 and 65.
13
Calculate the greatest common divisor of 280800 and 117.
117
What is the greatest common factor of 5575 and 5345?
5
Calculate the greatest common factor of 89300 and 50.
50
Calculate the highest common divisor of 1860 and 2355380.
620
Calculate the greatest common factor of 148 and 524.
4
What is the greatest common factor of 3267 and 89793?
99
Calculate the highest common factor of 19047 and 357.
21
What is the greatest common factor of 64 and 173408?
32
What is the highest common divisor of 110 and 46706?
22
What is the highest common divisor of 5408 and 20?
4
What is the highest common factor of 5964 and 6248?
284
Calculate the greatest common factor of 48 and 2487488.
16
What is the greatest common divisor of 1032 and 41538?
258
What is the greatest common divisor of 18 and 3241872?
18
What is the highest common divisor of 5238 and 3686?
194
Calculate the highest common divisor of 1054 and 399466.
1054
What is the highest common divisor of 651 and 128681?
217
Calculate the highest common factor of 1910 and 430.
10
What is the greatest common divisor of 36344 and 220?
44
Calculate the highest common factor of 6196 and 4.
4
Calculate the greatest common factor of 2008 and 6777.
251
Calculate the greatest common factor of 3915 and 20.
5
Calculate the greatest common divisor of 1105 and 5590.
65
What is the highest common factor of 200158 and 1479?
493
What is the greatest common factor of 187803 and 1287?
99
Calculate the greatest common divisor of 55 and 840653.
11
What is the highest common factor of 15910 and 16650?
370
Calculate the greatest common factor of 37 and 288711.
37
What is the greatest common divisor of 12314 and 517?
47
What is the highest common divisor of 160 and 134380?
20
Calculate the greatest common factor of 206856 and 6120.
1224
What is the highest common divisor of 78 and 96694?
26
Calculate the highest common divisor of 29256 and 11178.
138
Calculate the highest common factor of 1007264 and 96.
32
What is the highest common factor of 800 and 37600?
800
What is the greatest common divisor of 1195593 and 238?
119
What is the greatest common divisor of 148 and 4357490?
74
Calculate the highest common factor of 3640 and 1365.
455
Calculate the greatest common factor of 840 and 4398.
6
Calculate the greatest common factor of 7040 and 1836736.
704
Calculate the highest common divisor of 5712 and 948.
12
Calculate the greatest common factor of 4494 and 322.
14
What is the greatest common factor of 318215 and 1395?
155
Calculate the highest common factor of 576 and 104.
8
What is the greatest common divisor of 6438 and 925?
37
Calculate the greatest common factor of 4575 and 146583.
183
Calculate the greatest common factor of 18 and 2205.
9
What is the highest common divisor of 4223 and 7585?
41
Calculate the highest common factor of 55 and 6907835.
55
What is the highest common divisor of 917 and 681069?
131
What is the highest common divisor of 72 and 71028?
36
Calculate the greatest common divisor of 76734 and 3962.
14
What is the greatest common divisor of 464 and 524291?
29
What is the greatest common factor of 1583 and 13?
1
Calculate the highest common factor of 159676 and 9196.
836
Calculate the greatest common divisor of 61 and 15232615.
61
What is the highest common divisor of 191716 and 588?
28
Calculate the highest common factor of 234348 and 9912.
708
What is the highest common divisor of 506 and 118360?
22
Calculate the highest common divisor of 2761 and 495.
11
What is the greatest common divisor of 1419 and 34572?
129
Calculate the highest common factor of 845 and 145.
5
What is the highest common factor of 663 and 44577?
39
What is the greatest common factor of 810 and 60910?
10
Calculate the highest common divisor of 9374 and 526.
2
What is the greatest common factor of 40 and 6355?
5
Calculate the greatest common divisor of 55118 and 5425.
217
What is the highest common factor of 12835 and 2295?
85
Calculate the highest common factor of 3444 and 924.
84
What